se 3, what is -120 + 2?
-111
In base 4, what is 0 + 12?
12
In base 7, what is -43663 - 2?
-43665
In base 4, what is 2 + 3110?
3112
In base 9, what is 276 - -5?
282
In base 3, what is -222212221 + 2?
-222212212
In base 4, what is 2020 + -13?
2001
In base 14, what is 63 + 1?
64
In base 2, what is -111110010001 - 101?
-111110010110
In base 10, what is 1016 - 13?
1003
In base 10, what is 106 + -26?
80
In base 10, what is -19 + 2?
-17
In base 12, what is -5 - 711?
-716
In base 12, what is 99 - -14?
b1
In base 6, what is 154 + 10?
204
In base 4, what is 2 - 120?
-112
In base 10, what is -143 - -32?
-111
In base 3, what is -12 - 10?
-22
In base 2, what is -1111 - 10010110000?
-10010111111
In base 2, what is -101 - 10100?
-11001
In base 10, what is -12885 + 1?
-12884
In base 11, what is 3 - -29?
31
In base 14, what is -3d + -9?
-48
In base 2, what is 1001101101 + -11?
1001101010
In base 4, what is 20 + 3200?
3220
In base 16, what is 4f + 8?
57
In base 3, what is 11 + 11110?
11121
In base 12, what is -2887 + 3?
-2884
In base 11, what is 5 - -379?
383
In base 13, what is 1b - -570?
58b
In base 15, what is -31e - -3?
-31b
In base 8, what is 5 + -246?
-241
In base 5, what is -101 - 203?
-304
In base 7, what is 0 + 5245?
5245
In base 9, what is -1461 + 22?
-1438
In base 10, what is 0 + -3?
-3
In base 3, what is 201 + 1210?
2111
In base 5, what is -124 + -44?
-223
In base 3, what is 12112 + 21?
12210
In base 15, what is 15 - -27?
3c
In base 16, what is 6 - -ec?
f2
In base 8, what is 100 + -2?
76
In base 10, what is -546 - 1?
-547
In base 11, what is 6a + -4?
66
In base 6, what is -11 + 4204?
4153
In base 11, what is 8 + -6?
2
In base 8, what is -1213 - 3?
-1216
In base 5, what is 4 - 1241?
-1232
In base 13, what is -3 + c0?
ba
In base 5, what is -10 + -244323?
-244333
In base 8, what is -26 + -22?
-50
In base 14, what is -2 + 109?
107
In base 3, what is -11210 + -112?
-12022
In base 4, what is -11 - 12002?
-12013
In base 14, what is -3b - 1?
-3c
In base 9, what is 7 + 118?
126
In base 10, what is -1 - 24?
-25
In base 8, what is -1 + -517?
-520
In base 3, what is -110 + -1221112?
-1221222
In base 8, what is 54 - -17?
73
In base 5, what is 4 - -340?
344
In base 14, what is -15 - -1?
-14
In base 14, what is -1776 - -5?
-1771
In base 11, what is 70 - 5?
66
In base 10, what is -10 - 1?
-11
In base 16, what is b - -28?
33
In base 12, what is 372 + -24?
34a
In base 16, what is c - 58?
-4c
In base 12, what is 10 - -81?
91
In base 16, what is 0 - -fd?
fd
In base 8, what is -152 - 3?
-155
In base 13, what is 5 - 0?
5
In base 5, what is -20 + -1000?
-1020
In base 10, what is -3 - -102?
99
In base 8, what is -15 - -3?
-12
In base 3, what is 11 + 2002110?
2002121
In base 12, what is 6 - -193?
199
In base 9, what is -1 + 14?
13
In base 14, what is 38b + 1?
38c
In base 5, what is -22423 - 2?
-22430
In base 4, what is 30 - -1231?
1321
In base 15, what is -87 - -2c?
-5a
In base 15, what is 2 + -2a?
-28
In base 7, what is -250 + 2?
-245
In base 2, what is 1011 - 101010111?
-101001100
In base 13, what is 12 + -1b?
-9
In base 12, what is 2 - -1a06?
1a08
In base 3, what is 0 + -1202111?
-1202111
In base 15, what is -28 - 4?
-2c
In base 2, what is -1001 - 110011010?
-110100011
In base 12, what is 5 - 287?
-282
In base 9, what is -14 - 12?
-26
In base 9, what is 2203 + -5?
2187
In base 13, what is 11 - -12?
23
In base 8, what is -47 + -42?
-111
In base 14, what is -c19d - 4?
-c1a3
In base 15, what is -2 + e8?
e6
In base 8, what is -7 + -1775?
-2004
In base 2, what is -11001000 - -1?
-11000111
In base 4, what is 11 - 1010221?
-1010210
In base 8, what is -5 + -301?
-306
In base 5, what is -4 - -4?
0
In base 7, what is 4 - -2341?
2345
In base 16, what is -4 - c76?
-c7a
In base 6, what is -44 + 3?
-41
In base 5, what is 2442 - -4?
3001
In base 15, what is 14eb + -3?
14e8
In base 4, what is -2201330 + -2?
-2201332
In base 6, what is -3001 + 3?
-2554
In base 8, what is 237 + -3?
234
In base 6, what is -1421 - -3?
-1414
In base 16, what is 6 - -37?
3d
In base 2, what is 1 + -101111000?
-101110111
In base 11, what is -114 + 4?
-110
In base 3, what is -211201 - -1?
-211200
In base 5, what is -4311 - -4?
-4302
In base 2, what is 100 + 1111001100?
1111010000
In base 5, what is 10 + -4?
1
In base 14, what is -4 - 2d?
-33
In base 6, what is 20104 + -5?
20055
In base 7, what is 3 - -4534?
4540
In base 4, what is 3 + 1031?
1100
In base 9, what is -154 + -5?
-160
In base 4, what is -22 - 2112?
-2200
In base 4, what is -111 + 0?
-111
In base 6, what is 311 - -303?
1014
In base 8, what is -217 + -4?
-223
In base 15, what is 3 - c?
-9
In base 10, what is 3 + -224?
-221
In base 10, what is -8 - 3?
-11
In base 15, what is 4 + -23?
-1e
In base 8, what is 144 + -6?
136
In base 15, what is 7 + -217?
-210
In base 16, what is -1c - 1b?
-37
In base 11, what is 1977 + 2?
1979
In base 3, what is -2 + -100212021?
-100212100
In base 3, what is -22120 - 11?
-22201
In base 4, what is 2133 + -11?
2122
In base 14, what is 0 - -8c?
8c
In base 3, what is 12 + -21120?
-21101
In base 5, what is -10404 + 11?
-10343
In base 13, what is 1 - 326b?
-326a
In base 9, what is 187 - -5?
203
In base 14, what is -5 - -176?
171
In base 5, what is 11032 + 10?
11042
In base 15, what is 2 - -49e?
4a1
In base 2, what is 10110000 - -1110?
10111110
In base 8, what is 5502 + -1?
5501
In base 3, what is 2 - -201101?
201110
In base 9, what is 26517 - 4?
26513
In base 4, what is -123 - -31?
-32
In base 13, what is 15b - -5?
163
In base 13, what is 3 + -17ac?
-17a9
In base 6, what is -43 - 53?
-140
In base 3, what is -10 + -2210221?
-2211001
In base 6, what is -42421 + -5?
-42430
In base 2, what is 1100110000 + -1?
1100101111
In base 3, what is -1 - -122222?
122221
In base 11, what is 0 - 76a?
-76a
In base 2, what is 11101101001 + 1?
11101101010
In base 15, what is 4 + -5be?
-5ba
In base 9, what is -1 - -24?
23
In base 11, what is -8 + 191?
184
In base 5, what is -1 + -11?
-12
In base 14, what is 5 + 22?
27
In base 13, what is 17a - -2?
17c
In base 7, what is 6211 - -4?
6215
In base 13, what is 2601 + 0?
2601
In base 7, what is 1 - -642?
643
In base 10, what is 2373 + -4?
2369
In base 9, what is 5 - 2248?
-2243
In base 4, what is 3122 - -11?
3133
In base 3, what is -212 + -111?
-1100
In base 10, what is -1 - 96?
-97
In base 12, what is -5b + 17?
-44
In base 5, what is -3 + 32?
24
In base 6, what is -3032 - 3?
-3035
In base 14, what is -1 - 61?
-62
In base 16, what is -c - -16a?
15e
In base 4, what is 110 - -10?
120
In base 2, what is 11 + 1000010110?
1000011001
In base 4, what is 3 + 112?
121
In base 13, what is 5 + -405?
-400
In base 9, what is -145 + -3?
-148
In base 3, what is -22111112 + 2?
-22111110
In base 9, what is -11 + 385?
374
In base 16, what is -1219 - -2?
-1217
In base 14, what is 78 - -1?
79
In base 14, what is -1a2 + -3?
-1a5
In base 10, what is -27 - -10?
-17
In base 4, what is -10 - 23220?
-23230
In base 4, what is 1323 - 102?
1221
In base 15, what is -9 + 3?
-6
In base 4, what is -331 - 10?
-1001
In base 7, what is -6 - 41?
-50
In base 10, what is -6 + -133?
-139
In base 10, what is 358 + -5?
353
In base 15, what is -2 - -52?
50
In base 9, what is 0 + -1160?
-1160
In base 14, what is -5 - 290?
-295
In base 12, what is 34 + 39?
71
In base 12, what is 25b55 - 2?
25b53
In base 7, what is -3 - -36?
33
In base 16, what is 3ee + 0?
3ee
In base 15, what is -785 - 8?
-78d
In base 8, what is -13 - 105?
-120
In base 10, what is -19 + 222?
203
In base 10, what is 14 + 785?
799
In base 7, what is 2 - -2104?
2106
In base 10, what is -5 + -744?
-749
In base 14, what is 1 + 2a3?
2a4
In base 6, what is 5133 + 2?
5135
In base 8, what is 5 + 173?
200
In base 3, what is 100 - -2202?
10002
In base 15, what is -19 - 36?
-50
In base 14, what is -6 + -1?
-7
In base 13, what is 1 - 41a?
-419
In base 12, what is 2b4 + -3?
2b1
In base 14, what is 5d + 4?
63
In base 7, what is 3 - 111?
-105
In base 5, what is -4 + 21232?
21223
In base 15, what is 5 - -26?
2b
In base 10, what is 188 - 25?
163
In base 15, what is -54d5 + 4?
-54d1
In base 6, what is -5 - -114?
105
In base 11, what is 36 + -15?
21
In base 8, what is -44 - 1?
-45
In base 13, what is 4 - -10?
14
In base 9, what is -22 + 15?
-6
In base 15, what is 2 + 63?
65
In base 6, what is 1404 +